{"id":178,"date":"2025-02-19T18:35:31","date_gmt":"2025-02-19T18:35:31","guid":{"rendered":"https:\/\/mathis-zominy.fr\/wordpress\/contact-2\/"},"modified":"2026-02-23T20:15:30","modified_gmt":"2026-02-23T20:15:30","slug":"contact-2","status":"publish","type":"page","link":"https:\/\/mathis-zominy.fr\/wordpress\/contact-2\/","title":{"rendered":"Contact"},"content":{"rendered":"\t\t<div data-elementor-type=\"wp-page\" data-elementor-id=\"178\" class=\"elementor elementor-178\">\n\t\t\t\t<div class=\"elementor-element elementor-element-70f957b2 e-flex e-con-boxed e-con e-parent\" data-id=\"70f957b2\" data-element_type=\"container\" data-settings=\"{&quot;background_background&quot;:&quot;classic&quot;}\">\n\t\t\t\t\t<div class=\"e-con-inner\">\n\t\t\t\t<div class=\"elementor-element elementor-element-705a20ad exad-sticky-section-no exad-glass-effect-no elementor-widget elementor-widget-heading\" data-id=\"705a20ad\" data-element_type=\"widget\" data-widget_type=\"heading.default\">\n\t\t\t\t<div class=\"elementor-widget-container\">\n\t\t\t<h1 class=\"elementor-heading-title elementor-size-default\">Contact<\/h1>\t\t<\/div>\n\t\t\t\t<\/div>\n\t\t<div class=\"elementor-element elementor-element-781aaf24 e-con-full e-flex e-con e-child\" data-id=\"781aaf24\" data-element_type=\"container\">\n\t\t<div class=\"elementor-element elementor-element-6eb17614 e-con-full e-flex e-con e-child\" data-id=\"6eb17614\" data-element_type=\"container\">\n\t\t\t\t<div class=\"elementor-element elementor-element-191bb214 exad-sticky-section-no exad-glass-effect-no elementor-widget elementor-widget-text-editor\" data-id=\"191bb214\" data-element_type=\"widget\" data-widget_type=\"text-editor.default\">\n\t\t\t\t<div class=\"elementor-widget-container\">\n\t\t\t\t\t\t\t<p>J\u2019aime travailler avec des personnes passionn\u00e9es, anim\u00e9es par une vision cr\u00e9ative forte. Que ce soit pour un projet photographique ou vid\u00e9o, je m\u2019investis pleinement pour donner vie \u00e0 des images sinc\u00e8res et impactantes.<\/p>\t\t\t\t\t\t<\/div>\n\t\t\t\t<\/div>\n\t\t\t\t<div class=\"elementor-element elementor-element-65672489 elementor-align-center elementor-icon-list--layout-traditional elementor-list-item-link-full_width exad-sticky-section-no exad-glass-effect-no elementor-widget elementor-widget-icon-list\" data-id=\"65672489\" data-element_type=\"widget\" data-widget_type=\"icon-list.default\">\n\t\t\t\t<div class=\"elementor-widget-container\">\n\t\t\t\t\t<ul class=\"elementor-icon-list-items\">\n\t\t\t\t\t\t\t<li class=\"elementor-icon-list-item\">\n\t\t\t\t\t\t\t\t\t\t<span class=\"elementor-icon-list-text\">EMAIL: mathiszominy2004@gmail.com<\/span>\n\t\t\t\t\t\t\t\t\t<\/li>\n\t\t\t\t\t\t<\/ul>\n\t\t\t\t<\/div>\n\t\t\t\t<\/div>\n\t\t\t\t<div class=\"elementor-element elementor-element-123db739 elementor-widget-divider--view-line exad-sticky-section-no exad-glass-effect-no elementor-widget elementor-widget-divider\" data-id=\"123db739\" data-element_type=\"widget\" data-widget_type=\"divider.default\">\n\t\t\t\t<div class=\"elementor-widget-container\">\n\t\t\t\t\t<div class=\"elementor-divider\">\n\t\t\t<span class=\"elementor-divider-separator\">\n\t\t\t\t\t\t<\/span>\n\t\t<\/div>\n\t\t\t\t<\/div>\n\t\t\t\t<\/div>\n\t\t\t\t<\/div>\n\t\t\t\t<div class=\"elementor-element elementor-element-83a51c1 exad-sticky-section-no exad-glass-effect-no elementor-widget elementor-widget-google_maps\" data-id=\"83a51c1\" data-element_type=\"widget\" data-widget_type=\"google_maps.default\">\n\t\t\t\t<div class=\"elementor-widget-container\">\n\t\t\t\t\t<div class=\"elementor-custom-embed\">\n\t\t\t<iframe loading=\"lazy\"\n\t\t\t\t\tsrc=\"https:\/\/maps.google.com\/maps?q=toulon&#038;t=m&#038;z=15&#038;output=embed&#038;iwloc=near\"\n\t\t\t\t\ttitle=\"toulon\"\n\t\t\t\t\taria-label=\"toulon\"\n\t\t\t><\/iframe>\n\t\t<\/div>\n\t\t\t\t<\/div>\n\t\t\t\t<\/div>\n\t\t\t\t<\/div>\n\t\t\t\t\t<\/div>\n\t\t\t\t<\/div>\n\t\t<div class=\"elementor-element elementor-element-f0cf4b4 e-con-full e-flex e-con e-parent\" data-id=\"f0cf4b4\" data-element_type=\"container\" data-settings=\"{&quot;background_background&quot;:&quot;classic&quot;}\">\n\t\t\t\t<div class=\"elementor-element elementor-element-2bc448a exad-sticky-section-no exad-glass-effect-no elementor-widget elementor-widget-heading\" data-id=\"2bc448a\" data-element_type=\"widget\" data-widget_type=\"heading.default\">\n\t\t\t\t<div class=\"elementor-widget-container\">\n\t\t\t<h2 class=\"elementor-heading-title elementor-size-default\">Mes cr\u00e9ations r\u00e9centes<\/h2>\t\t<\/div>\n\t\t\t\t<\/div>\n\t\t\t\t<div class=\"elementor-element elementor-element-aec6eee exad-sticky-section-no exad-glass-effect-no elementor-widget elementor-widget-heading\" data-id=\"aec6eee\" data-element_type=\"widget\" data-widget_type=\"heading.default\">\n\t\t\t\t<div class=\"elementor-widget-container\">\n\t\t\t<h5 class=\"elementor-heading-title elementor-size-default\">Photographie animali\u00e8re<\/h5>\t\t<\/div>\n\t\t\t\t<\/div>\n\t\t\t\t<div class=\"elementor-element elementor-element-42cc658 gallery-spacing-custom exad-sticky-section-no exad-glass-effect-no elementor-widget elementor-widget-image-gallery\" data-id=\"42cc658\" data-element_type=\"widget\" data-widget_type=\"image-gallery.default\">\n\t\t\t\t<div class=\"elementor-widget-container\">\n\t\t\t\t\t<div class=\"elementor-image-gallery\">\n\t\t\t<div id='gallery-1' class='gallery galleryid-178 gallery-columns-3 gallery-size-medium'><figure class='gallery-item'>\n\t\t\t<div class='gallery-icon portrait'>\n\t\t\t\t<a data-elementor-open-lightbox=\"yes\" data-elementor-lightbox-slideshow=\"42cc658\" data-elementor-lightbox-title=\"DSC03218\" data-e-action-hash=\"#elementor-action%3Aaction%3Dlightbox%26settings%3DeyJpZCI6MTA4NCwidXJsIjoiaHR0cHM6XC9cL21hdGhpcy16b21pbnkuZnJcL3dvcmRwcmVzc1wvd3AtY29udGVudFwvdXBsb2Fkc1wvMjAyNlwvMDFcL0RTQzAzMjE4LTEuanBnIiwic2xpZGVzaG93IjoiNDJjYzY1OCJ9\" href='https:\/\/mathis-zominy.fr\/wordpress\/wp-content\/uploads\/2026\/01\/DSC03218-1.jpg'><img fetchpriority=\"high\" decoding=\"async\" width=\"169\" height=\"300\" src=\"https:\/\/mathis-zominy.fr\/wordpress\/wp-content\/uploads\/2026\/01\/DSC03218-1-169x300.jpg\" class=\"attachment-medium size-medium\" alt=\"\" srcset=\"https:\/\/mathis-zominy.fr\/wordpress\/wp-content\/uploads\/2026\/01\/DSC03218-1-169x300.jpg 169w, https:\/\/mathis-zominy.fr\/wordpress\/wp-content\/uploads\/2026\/01\/DSC03218-1-576x1024.jpg 576w, https:\/\/mathis-zominy.fr\/wordpress\/wp-content\/uploads\/2026\/01\/DSC03218-1-768x1365.jpg 768w, https:\/\/mathis-zominy.fr\/wordpress\/wp-content\/uploads\/2026\/01\/DSC03218-1-864x1536.jpg 864w, https:\/\/mathis-zominy.fr\/wordpress\/wp-content\/uploads\/2026\/01\/DSC03218-1-1152x2048.jpg 1152w, https:\/\/mathis-zominy.fr\/wordpress\/wp-content\/uploads\/2026\/01\/DSC03218-1.jpg 1190w\" sizes=\"(max-width: 169px) 100vw, 169px\" \/><\/a>\n\t\t\t<\/div><\/figure><figure class='gallery-item'>\n\t\t\t<div class='gallery-icon portrait'>\n\t\t\t\t<a data-elementor-open-lightbox=\"yes\" data-elementor-lightbox-slideshow=\"42cc658\" data-elementor-lightbox-title=\"DSC02049-2\" data-e-action-hash=\"#elementor-action%3Aaction%3Dlightbox%26settings%3DeyJpZCI6MTA5MSwidXJsIjoiaHR0cHM6XC9cL21hdGhpcy16b21pbnkuZnJcL3dvcmRwcmVzc1wvd3AtY29udGVudFwvdXBsb2Fkc1wvMjAyNlwvMDFcL0RTQzAyMDQ5LTIuanBnIiwic2xpZGVzaG93IjoiNDJjYzY1OCJ9\" href='https:\/\/mathis-zominy.fr\/wordpress\/wp-content\/uploads\/2026\/01\/DSC02049-2.jpg'><img decoding=\"async\" width=\"169\" height=\"300\" src=\"https:\/\/mathis-zominy.fr\/wordpress\/wp-content\/uploads\/2026\/01\/DSC02049-2-169x300.jpg\" class=\"attachment-medium size-medium\" alt=\"\" srcset=\"https:\/\/mathis-zominy.fr\/wordpress\/wp-content\/uploads\/2026\/01\/DSC02049-2-169x300.jpg 169w, https:\/\/mathis-zominy.fr\/wordpress\/wp-content\/uploads\/2026\/01\/DSC02049-2-576x1024.jpg 576w, https:\/\/mathis-zominy.fr\/wordpress\/wp-content\/uploads\/2026\/01\/DSC02049-2-768x1365.jpg 768w, https:\/\/mathis-zominy.fr\/wordpress\/wp-content\/uploads\/2026\/01\/DSC02049-2-864x1536.jpg 864w, https:\/\/mathis-zominy.fr\/wordpress\/wp-content\/uploads\/2026\/01\/DSC02049-2.jpg 1012w\" sizes=\"(max-width: 169px) 100vw, 169px\" \/><\/a>\n\t\t\t<\/div><\/figure><figure class='gallery-item'>\n\t\t\t<div class='gallery-icon portrait'>\n\t\t\t\t<a data-elementor-open-lightbox=\"yes\" data-elementor-lightbox-slideshow=\"42cc658\" data-elementor-lightbox-title=\"DSC03136\" data-e-action-hash=\"#elementor-action%3Aaction%3Dlightbox%26settings%3DeyJpZCI6MTA3OCwidXJsIjoiaHR0cHM6XC9cL21hdGhpcy16b21pbnkuZnJcL3dvcmRwcmVzc1wvd3AtY29udGVudFwvdXBsb2Fkc1wvMjAyNlwvMDFcL0RTQzAzMTM2LmpwZyIsInNsaWRlc2hvdyI6IjQyY2M2NTgifQ%3D%3D\" href='https:\/\/mathis-zominy.fr\/wordpress\/wp-content\/uploads\/2026\/01\/DSC03136.jpg'><img decoding=\"async\" width=\"169\" height=\"300\" src=\"https:\/\/mathis-zominy.fr\/wordpress\/wp-content\/uploads\/2026\/01\/DSC03136-169x300.jpg\" class=\"attachment-medium size-medium\" alt=\"\" srcset=\"https:\/\/mathis-zominy.fr\/wordpress\/wp-content\/uploads\/2026\/01\/DSC03136-169x300.jpg 169w, https:\/\/mathis-zominy.fr\/wordpress\/wp-content\/uploads\/2026\/01\/DSC03136-576x1024.jpg 576w, https:\/\/mathis-zominy.fr\/wordpress\/wp-content\/uploads\/2026\/01\/DSC03136-768x1365.jpg 768w, https:\/\/mathis-zominy.fr\/wordpress\/wp-content\/uploads\/2026\/01\/DSC03136-864x1536.jpg 864w, https:\/\/mathis-zominy.fr\/wordpress\/wp-content\/uploads\/2026\/01\/DSC03136.jpg 957w\" sizes=\"(max-width: 169px) 100vw, 169px\" \/><\/a>\n\t\t\t<\/div><\/figure>\n\t\t<\/div>\n\t\t<\/div>\n\t\t\t\t<\/div>\n\t\t\t\t<\/div>\n\t\t\t\t<div class=\"elementor-element elementor-element-c037ac5 elementor-align-center exad-sticky-section-no exad-glass-effect-no elementor-invisible elementor-widget elementor-widget-button\" data-id=\"c037ac5\" data-element_type=\"widget\" data-settings=\"{&quot;_animation&quot;:&quot;fadeInDown&quot;}\" data-widget_type=\"button.default\">\n\t\t\t\t<div class=\"elementor-widget-container\">\n\t\t\t\t\t<div class=\"elementor-button-wrapper\">\n\t\t\t<a class=\"elementor-button elementor-button-link elementor-size-sm\" href=\"https:\/\/mathis-zominy.fr\/wordpress\/portfolio\/\">\n\t\t\t\t\t\t<span class=\"elementor-button-content-wrapper\">\n\t\t\t\t\t\t\t\t\t<span class=\"elementor-button-text\">Toutes mes cr\u00e9ations<\/span>\n\t\t\t\t\t<\/span>\n\t\t\t\t\t<\/a>\n\t\t<\/div>\n\t\t\t\t<\/div>\n\t\t\t\t<\/div>\n\t\t\t\t<\/div>\n\t\t\t\t<\/div>\n\t\t","protected":false},"excerpt":{"rendered":"<p>Contact J\u2019aime travailler avec des personnes passionn\u00e9es, anim\u00e9es par une vision cr\u00e9ative forte. Que ce soit pour un projet photographique ou vid\u00e9o, je m\u2019investis pleinement pour donner vie \u00e0 des images sinc\u00e8res et impactantes. EMAIL: mathiszominy2004@gmail.com Mes cr\u00e9ations r\u00e9centes Photographie animali\u00e8re Toutes mes cr\u00e9ations<\/p>\n","protected":false},"author":1,"featured_media":0,"parent":0,"menu_order":0,"comment_status":"closed","ping_status":"closed","template":"elementor_header_footer","meta":{"footnotes":""},"class_list":["post-178","page","type-page","status-publish","hentry"],"_links":{"self":[{"href":"https:\/\/mathis-zominy.fr\/wordpress\/wp-json\/wp\/v2\/pages\/178","targetHints":{"allow":["GET"]}}],"collection":[{"href":"https:\/\/mathis-zominy.fr\/wordpress\/wp-json\/wp\/v2\/pages"}],"about":[{"href":"https:\/\/mathis-zominy.fr\/wordpress\/wp-json\/wp\/v2\/types\/page"}],"author":[{"embeddable":true,"href":"https:\/\/mathis-zominy.fr\/wordpress\/wp-json\/wp\/v2\/users\/1"}],"replies":[{"embeddable":true,"href":"https:\/\/mathis-zominy.fr\/wordpress\/wp-json\/wp\/v2\/comments?post=178"}],"version-history":[{"count":40,"href":"https:\/\/mathis-zominy.fr\/wordpress\/wp-json\/wp\/v2\/pages\/178\/revisions"}],"predecessor-version":[{"id":1261,"href":"https:\/\/mathis-zominy.fr\/wordpress\/wp-json\/wp\/v2\/pages\/178\/revisions\/1261"}],"wp:attachment":[{"href":"https:\/\/mathis-zominy.fr\/wordpress\/wp-json\/wp\/v2\/media?parent=178"}],"curies":[{"name":"wp","href":"https:\/\/api.w.org\/{rel}","templated":true}]}}