{"id":672,"date":"2025-03-05T07:58:33","date_gmt":"2025-03-05T07:58:33","guid":{"rendered":"https:\/\/mathis-zominy.fr\/wordpress\/?page_id=672"},"modified":"2026-01-19T20:34:07","modified_gmt":"2026-01-19T20:34:07","slug":"photo-tomlola","status":"publish","type":"page","link":"https:\/\/mathis-zominy.fr\/wordpress\/photo-tomlola\/","title":{"rendered":"Photo Tom&amp;Lola"},"content":{"rendered":"\t\t<div data-elementor-type=\"wp-page\" data-elementor-id=\"672\" class=\"elementor elementor-672\">\n\t\t\t\t<div class=\"elementor-element elementor-element-fb0b609 e-con-full e-flex e-con e-parent\" data-id=\"fb0b609\" data-element_type=\"container\">\n\t\t<div class=\"elementor-element elementor-element-5df064d e-con-full e-flex e-con e-child\" data-id=\"5df064d\" data-element_type=\"container\">\n\t\t\t\t<div class=\"elementor-element elementor-element-2c79491 exad-sticky-section-no exad-glass-effect-no elementor-widget elementor-widget-image\" data-id=\"2c79491\" data-element_type=\"widget\" data-widget_type=\"image.default\">\n\t\t\t\t<div class=\"elementor-widget-container\">\n\t\t\t\t\t\t\t\t\t\t\t\t\t<img fetchpriority=\"high\" decoding=\"async\" width=\"1366\" height=\"2048\" src=\"https:\/\/mathis-zominy.fr\/wordpress\/wp-content\/uploads\/2025\/03\/JYN07709-scaled.jpg\" class=\"attachment-2048x2048 size-2048x2048 wp-image-596\" alt=\"\" srcset=\"https:\/\/mathis-zominy.fr\/wordpress\/wp-content\/uploads\/2025\/03\/JYN07709-scaled.jpg 1707w, https:\/\/mathis-zominy.fr\/wordpress\/wp-content\/uploads\/2025\/03\/JYN07709-200x300.jpg 200w, https:\/\/mathis-zominy.fr\/wordpress\/wp-content\/uploads\/2025\/03\/JYN07709-683x1024.jpg 683w, https:\/\/mathis-zominy.fr\/wordpress\/wp-content\/uploads\/2025\/03\/JYN07709-768x1152.jpg 768w, https:\/\/mathis-zominy.fr\/wordpress\/wp-content\/uploads\/2025\/03\/JYN07709-1024x1536.jpg 1024w\" sizes=\"(max-width: 1366px) 100vw, 1366px\" \/>\t\t\t\t\t\t\t\t\t\t\t\t\t<\/div>\n\t\t\t\t<\/div>\n\t\t\t\t<\/div>\n\t\t<div class=\"elementor-element elementor-element-933fbdc e-con-full e-flex e-con e-child\" data-id=\"933fbdc\" data-element_type=\"container\">\n\t\t\t\t<div class=\"elementor-element elementor-element-4b55ffe exad-sticky-section-no exad-glass-effect-no elementor-widget elementor-widget-heading\" data-id=\"4b55ffe\" data-element_type=\"widget\" data-widget_type=\"heading.default\">\n\t\t\t\t<div class=\"elementor-widget-container\">\n\t\t\t<h2 class=\"elementor-heading-title elementor-size-default\">Photo Tom&amp;Lola<\/h2>\t\t<\/div>\n\t\t\t\t<\/div>\n\t\t\t\t<div class=\"elementor-element elementor-element-4c806f2 exad-sticky-section-no exad-glass-effect-no elementor-widget elementor-widget-text-editor\" data-id=\"4c806f2\" data-element_type=\"widget\" data-widget_type=\"text-editor.default\">\n\t\t\t\t<div class=\"elementor-widget-container\">\n\t\t\t\t\t\t\t<p data-start=\"78\" data-end=\"456\">Lors du <strong data-start=\"86\" data-end=\"108\">quatri\u00e8me semestre<\/strong> de ma deuxi\u00e8me ann\u00e9e en <strong data-start=\"133\" data-end=\"185\">BUT M\u00e9tiers du Multim\u00e9dia et de l&rsquo;Internet (MMI)<\/strong> \u00e0 Toulon, j\u2019ai eu l\u2019opportunit\u00e9 de travailler sur un projet en lien avec la s\u00e9rie <strong data-start=\"268\" data-end=\"282\">Tom &amp; Lola<\/strong>, diffus\u00e9e sur <strong data-start=\"297\" data-end=\"309\" data-is-only-node=\"\">France 2<\/strong>. Cette collaboration m\u2019a permis d\u2019explorer le domaine de la <strong data-start=\"370\" data-end=\"397\">photographie de plateau<\/strong>, en capturant les d\u00e9cors de sc\u00e8ne avec un <strong data-start=\"440\" data-end=\"453\">Sony A7IV<\/strong>.<\/p><p data-start=\"458\" data-end=\"853\">L\u2019objectif de ce projet \u00e9tait de r\u00e9aliser une s\u00e9rie de photographies mettant en valeur les diff\u00e9rents <strong data-start=\"560\" data-end=\"582\">d\u00e9cors de la s\u00e9rie<\/strong>. Nous avons cherch\u00e9 \u00e0 retranscrire l\u2019ambiance et l\u2019univers visuel propre \u00e0 <strong data-start=\"658\" data-end=\"672\">Tom &amp; Lola<\/strong>, en jouant sur la <strong data-start=\"691\" data-end=\"748\">lumi\u00e8re, les angles de prise de vue et la composition<\/strong> pour obtenir des clich\u00e9s \u00e0 la fois esth\u00e9tiques et fid\u00e8les aux intentions artistiques de la production.<\/p>\t\t\t\t\t\t<\/div>\n\t\t\t\t<\/div>\n\t\t\t\t<div class=\"elementor-element elementor-element-d18ab01 exad-sticky-section-no exad-glass-effect-no elementor-widget elementor-widget-image\" data-id=\"d18ab01\" data-element_type=\"widget\" data-widget_type=\"image.default\">\n\t\t\t\t<div class=\"elementor-widget-container\">\n\t\t\t\t\t\t\t\t\t\t\t\t\t<img decoding=\"async\" width=\"2560\" height=\"1707\" src=\"https:\/\/mathis-zominy.fr\/wordpress\/wp-content\/uploads\/2025\/03\/JYN07695-scaled.jpg\" class=\"attachment-full size-full wp-image-595\" alt=\"\" srcset=\"https:\/\/mathis-zominy.fr\/wordpress\/wp-content\/uploads\/2025\/03\/JYN07695-scaled.jpg 2560w, https:\/\/mathis-zominy.fr\/wordpress\/wp-content\/uploads\/2025\/03\/JYN07695-300x200.jpg 300w, https:\/\/mathis-zominy.fr\/wordpress\/wp-content\/uploads\/2025\/03\/JYN07695-1024x683.jpg 1024w, https:\/\/mathis-zominy.fr\/wordpress\/wp-content\/uploads\/2025\/03\/JYN07695-768x512.jpg 768w, https:\/\/mathis-zominy.fr\/wordpress\/wp-content\/uploads\/2025\/03\/JYN07695-1536x1024.jpg 1536w\" sizes=\"(max-width: 2560px) 100vw, 2560px\" \/>\t\t\t\t\t\t\t\t\t\t\t\t\t<\/div>\n\t\t\t\t<\/div>\n\t\t\t\t<\/div>\n\t\t\t\t<\/div>\n\t\t<div class=\"elementor-element elementor-element-b0f0deb e-con-full e-flex e-con e-parent\" data-id=\"b0f0deb\" data-element_type=\"container\" data-settings=\"{&quot;background_background&quot;:&quot;classic&quot;}\">\n\t\t<div class=\"elementor-element elementor-element-65abfae e-con-full e-flex e-con e-child\" data-id=\"65abfae\" data-element_type=\"container\">\n\t\t<div class=\"elementor-element elementor-element-201e23e e-con-full e-flex e-con e-child\" data-id=\"201e23e\" data-element_type=\"container\">\n\t\t\t\t<div class=\"elementor-element elementor-element-e87f4f5 exad-sticky-section-no exad-glass-effect-no elementor-widget elementor-widget-text-editor\" data-id=\"e87f4f5\" data-element_type=\"widget\" data-widget_type=\"text-editor.default\">\n\t\t\t\t<div class=\"elementor-widget-container\">\n\t\t\t\t\t\t\t<p>Ce projet m\u2019a permis de <strong data-start=\"879\" data-end=\"933\">mettre en pratique mes comp\u00e9tences en photographie<\/strong>, notamment en gestion de la lumi\u00e8re, cadrage et post-traitement. L\u2019utilisation du <strong data-start=\"1016\" data-end=\"1029\">Sony A7IV<\/strong> m\u2019a offert une grande libert\u00e9 technique, notamment gr\u00e2ce \u00e0 sa qualit\u00e9 d\u2019image et sa gestion avanc\u00e9e des couleurs et de la dynamique.<\/p><p>Travailler sur un projet en lien avec une production diffus\u00e9e \u00e0 la t\u00e9l\u00e9vision a \u00e9t\u00e9 une <strong data-start=\"1254\" data-end=\"1299\">exp\u00e9rience particuli\u00e8rement enrichissante<\/strong>. Cela m\u2019a non seulement permis de <strong data-start=\"1334\" data-end=\"1402\">d\u00e9couvrir les exigences et les contraintes du milieu audiovisuel<\/strong>, mais aussi de collaborer avec une \u00e9quipe professionnelle, renfor\u00e7ant ainsi mes comp\u00e9tences en <strong data-start=\"1498\" data-end=\"1561\">travail d\u2019\u00e9quipe et adaptation aux besoins d\u2019un projet r\u00e9el<\/strong>.<\/p>\t\t\t\t\t\t<\/div>\n\t\t\t\t<\/div>\n\t\t\t\t<\/div>\n\t\t<div class=\"elementor-element elementor-element-d648963 e-con-full e-flex e-con e-child\" data-id=\"d648963\" data-element_type=\"container\">\n\t\t\t\t<div class=\"elementor-element elementor-element-4cf56ce exad-sticky-section-no exad-glass-effect-no elementor-widget elementor-widget-image\" data-id=\"4cf56ce\" data-element_type=\"widget\" data-widget_type=\"image.default\">\n\t\t\t\t<div class=\"elementor-widget-container\">\n\t\t\t\t\t\t\t\t\t\t\t\t\t<img decoding=\"async\" width=\"2560\" height=\"1707\" src=\"https:\/\/mathis-zominy.fr\/wordpress\/wp-content\/uploads\/2025\/03\/JYN07701-scaled.jpg\" class=\"attachment-full size-full wp-image-594\" alt=\"\" srcset=\"https:\/\/mathis-zominy.fr\/wordpress\/wp-content\/uploads\/2025\/03\/JYN07701-scaled.jpg 2560w, https:\/\/mathis-zominy.fr\/wordpress\/wp-content\/uploads\/2025\/03\/JYN07701-300x200.jpg 300w, https:\/\/mathis-zominy.fr\/wordpress\/wp-content\/uploads\/2025\/03\/JYN07701-1024x683.jpg 1024w, https:\/\/mathis-zominy.fr\/wordpress\/wp-content\/uploads\/2025\/03\/JYN07701-768x512.jpg 768w, https:\/\/mathis-zominy.fr\/wordpress\/wp-content\/uploads\/2025\/03\/JYN07701-1536x1024.jpg 1536w\" sizes=\"(max-width: 2560px) 100vw, 2560px\" \/>\t\t\t\t\t\t\t\t\t\t\t\t\t<\/div>\n\t\t\t\t<\/div>\n\t\t\t\t<\/div>\n\t\t\t\t<\/div>\n\t\t\t\t<div class=\"elementor-element elementor-element-0d100b2 elementor-widget-divider--view-line exad-sticky-section-no exad-glass-effect-no elementor-widget elementor-widget-divider\" data-id=\"0d100b2\" data-element_type=\"widget\" data-widget_type=\"divider.default\">\n\t\t\t\t<div class=\"elementor-widget-container\">\n\t\t\t\t\t<div class=\"elementor-divider\">\n\t\t\t<span class=\"elementor-divider-separator\">\n\t\t\t\t\t\t<\/span>\n\t\t<\/div>\n\t\t\t\t<\/div>\n\t\t\t\t<\/div>\n\t\t\t\t<div class=\"elementor-element elementor-element-02169e8 exad-sticky-section-no exad-glass-effect-no elementor-widget elementor-widget-text-editor\" data-id=\"02169e8\" data-element_type=\"widget\" data-widget_type=\"text-editor.default\">\n\t\t\t\t<div class=\"elementor-widget-container\">\n\t\t\t\t\t\t\t<p>Cette exp\u00e9rience a consolid\u00e9 mon <strong data-start=\"1599\" data-end=\"1631\">int\u00e9r\u00eat pour la photographie<\/strong> et m\u2019a donn\u00e9 envie d\u2019explorer davantage cet univers, notamment dans le cadre de projets li\u00e9s au <strong data-start=\"1728\" data-end=\"1757\">cin\u00e9ma et \u00e0 la t\u00e9l\u00e9vision<\/strong>.<\/p>\t\t\t\t\t\t<\/div>\n\t\t\t\t<\/div>\n\t\t\t\t<\/div>\n\t\t\t\t<\/div>\n\t\t","protected":false},"excerpt":{"rendered":"<p>Photo Tom&amp;Lola Lors du quatri\u00e8me semestre de ma deuxi\u00e8me ann\u00e9e en BUT M\u00e9tiers du Multim\u00e9dia et de l&rsquo;Internet (MMI) \u00e0 Toulon, j\u2019ai eu l\u2019opportunit\u00e9 de travailler sur un projet en lien avec la s\u00e9rie Tom &amp; Lola, diffus\u00e9e sur France 2. Cette collaboration m\u2019a permis d\u2019explorer le domaine de la photographie de plateau, en capturant [&hellip;]<\/p>\n","protected":false},"author":1,"featured_media":111,"parent":0,"menu_order":0,"comment_status":"closed","ping_status":"closed","template":"","meta":{"footnotes":""},"class_list":["post-672","page","type-page","status-publish","has-post-thumbnail","hentry"],"_links":{"self":[{"href":"https:\/\/mathis-zominy.fr\/wordpress\/wp-json\/wp\/v2\/pages\/672","targetHints":{"allow":["GET"]}}],"collection":[{"href":"https:\/\/mathis-zominy.fr\/wordpress\/wp-json\/wp\/v2\/pages"}],"about":[{"href":"https:\/\/mathis-zominy.fr\/wordpress\/wp-json\/wp\/v2\/types\/page"}],"author":[{"embeddable":true,"href":"https:\/\/mathis-zominy.fr\/wordpress\/wp-json\/wp\/v2\/users\/1"}],"replies":[{"embeddable":true,"href":"https:\/\/mathis-zominy.fr\/wordpress\/wp-json\/wp\/v2\/comments?post=672"}],"version-history":[{"count":16,"href":"https:\/\/mathis-zominy.fr\/wordpress\/wp-json\/wp\/v2\/pages\/672\/revisions"}],"predecessor-version":[{"id":1201,"href":"https:\/\/mathis-zominy.fr\/wordpress\/wp-json\/wp\/v2\/pages\/672\/revisions\/1201"}],"wp:featuredmedia":[{"embeddable":true,"href":"https:\/\/mathis-zominy.fr\/wordpress\/wp-json\/wp\/v2\/media\/111"}],"wp:attachment":[{"href":"https:\/\/mathis-zominy.fr\/wordpress\/wp-json\/wp\/v2\/media?parent=672"}],"curies":[{"name":"wp","href":"https:\/\/api.w.org\/{rel}","templated":true}]}}