{"id":689,"date":"2025-03-05T09:03:54","date_gmt":"2025-03-05T09:03:54","guid":{"rendered":"https:\/\/mathis-zominy.fr\/wordpress\/?page_id=689"},"modified":"2026-01-19T20:35:11","modified_gmt":"2026-01-19T20:35:11","slug":"decor-video","status":"publish","type":"page","link":"https:\/\/mathis-zominy.fr\/wordpress\/decor-video\/","title":{"rendered":"Vid\u00e9o d\u00e9cor"},"content":{"rendered":"\t\t<div data-elementor-type=\"wp-page\" data-elementor-id=\"689\" class=\"elementor elementor-689\">\n\t\t\t\t<div class=\"elementor-element elementor-element-fb0b609 e-con-full e-flex e-con e-parent\" data-id=\"fb0b609\" data-element_type=\"container\">\n\t\t<div class=\"elementor-element elementor-element-5df064d e-con-full e-flex e-con e-child\" data-id=\"5df064d\" data-element_type=\"container\">\n\t\t\t\t<div class=\"elementor-element elementor-element-f311656 exad-sticky-section-no exad-glass-effect-no elementor-widget elementor-widget-video\" data-id=\"f311656\" data-element_type=\"widget\" data-settings=\"{&quot;youtube_url&quot;:&quot;https:\\\/\\\/youtu.be\\\/1XBzwKFwsSg&quot;,&quot;video_type&quot;:&quot;youtube&quot;,&quot;controls&quot;:&quot;yes&quot;}\" data-widget_type=\"video.default\">\n\t\t\t\t<div class=\"elementor-widget-container\">\n\t\t\t\t\t<div class=\"elementor-wrapper elementor-open-inline\">\n\t\t\t<div class=\"elementor-video\"><\/div>\t\t<\/div>\n\t\t\t\t<\/div>\n\t\t\t\t<\/div>\n\t\t\t\t<\/div>\n\t\t<div class=\"elementor-element elementor-element-933fbdc e-con-full e-flex e-con e-child\" data-id=\"933fbdc\" data-element_type=\"container\">\n\t\t\t\t<div class=\"elementor-element elementor-element-4b55ffe exad-sticky-section-no exad-glass-effect-no elementor-widget elementor-widget-heading\" data-id=\"4b55ffe\" data-element_type=\"widget\" data-widget_type=\"heading.default\">\n\t\t\t\t<div class=\"elementor-widget-container\">\n\t\t\t<h2 class=\"elementor-heading-title elementor-size-default\">D\u00e9cor Tom&Lola<\/h2>\t\t<\/div>\n\t\t\t\t<\/div>\n\t\t\t\t<div class=\"elementor-element elementor-element-4c806f2 exad-sticky-section-no exad-glass-effect-no elementor-widget elementor-widget-text-editor\" data-id=\"4c806f2\" data-element_type=\"widget\" data-widget_type=\"text-editor.default\">\n\t\t\t\t<div class=\"elementor-widget-container\">\n\t\t\t\t\t\t\t<p data-start=\"65\" data-end=\"439\">Lors du <strong data-start=\"73\" data-end=\"116\">quatri\u00e8me semestre de ma deuxi\u00e8me ann\u00e9e<\/strong> en <strong data-start=\"120\" data-end=\"172\">BUT M\u00e9tiers du Multim\u00e9dia et de l\u2019Internet (MMI)<\/strong> \u00e0 Toulon, j\u2019ai eu l\u2019opportunit\u00e9 de travailler sur un projet en lien avec la s\u00e9rie <strong data-start=\"255\" data-end=\"269\">Tom &amp; Lola<\/strong>, diffus\u00e9e sur <strong data-start=\"284\" data-end=\"296\">France 2<\/strong>. Cette exp\u00e9rience m\u2019a plong\u00e9 dans l\u2019univers de la production audiovisuelle en me concentrant sur la <strong data-start=\"397\" data-end=\"436\">captation vid\u00e9o des d\u00e9cors de sc\u00e8ne<\/strong>.<\/p><p data-start=\"441\" data-end=\"960\">Arm\u00e9 d\u2019un <strong data-start=\"451\" data-end=\"464\">Sony A7IV<\/strong>, j\u2019ai r\u00e9alis\u00e9 plusieurs <strong data-start=\"489\" data-end=\"515\">prises de vue en vid\u00e9o<\/strong>, mettant en valeur l\u2019ambiance et les d\u00e9tails des d\u00e9cors utilis\u00e9s dans la s\u00e9rie. L\u2019objectif \u00e9tait de fournir du contenu de qualit\u00e9 pour la production, en capturant les espaces sous <strong data-start=\"696\" data-end=\"783\">diff\u00e9rents angles, avec des mouvements fluides et une gestion soign\u00e9e de la lumi\u00e8re<\/strong>. Ce travail m\u2019a permis d\u2019exp\u00e9rimenter des <strong data-start=\"826\" data-end=\"871\">techniques de cadrage et de stabilisation<\/strong>, tout en prenant en compte les <strong data-start=\"903\" data-end=\"930\">contraintes de tournage<\/strong> d\u2019une production t\u00e9l\u00e9vis\u00e9e.<\/p>\t\t\t\t\t\t<\/div>\n\t\t\t\t<\/div>\n\t\t\t\t<\/div>\n\t\t\t\t<\/div>\n\t\t<div class=\"elementor-element elementor-element-b0f0deb e-con-full e-flex e-con e-parent\" data-id=\"b0f0deb\" data-element_type=\"container\" data-settings=\"{&quot;background_background&quot;:&quot;classic&quot;}\">\n\t\t<div class=\"elementor-element elementor-element-65abfae e-con-full e-flex e-con e-child\" data-id=\"65abfae\" data-element_type=\"container\">\n\t\t<div class=\"elementor-element elementor-element-201e23e e-con-full e-flex e-con e-child\" data-id=\"201e23e\" data-element_type=\"container\">\n\t\t\t\t<div class=\"elementor-element elementor-element-e87f4f5 exad-sticky-section-no exad-glass-effect-no elementor-widget elementor-widget-text-editor\" data-id=\"e87f4f5\" data-element_type=\"widget\" data-widget_type=\"text-editor.default\">\n\t\t\t\t<div class=\"elementor-widget-container\">\n\t\t\t\t\t\t\t<p data-start=\"962\" data-end=\"1374\">Ce projet a \u00e9t\u00e9 une <strong data-start=\"982\" data-end=\"1006\">exp\u00e9rience immersive<\/strong> qui m\u2019a appris \u00e0 travailler avec des <strong data-start=\"1044\" data-end=\"1074\">exigences professionnelles<\/strong>, notamment en mati\u00e8re de <strong data-start=\"1100\" data-end=\"1172\">qualit\u00e9 d\u2019image, de fluidit\u00e9 des plans et d\u2019optimisation du mat\u00e9riel<\/strong> pour s\u2019adapter aux conditions du plateau. Il m\u2019a \u00e9galement permis de mieux comprendre <strong data-start=\"1259\" data-end=\"1313\">l\u2019importance des d\u00e9cors dans la narration visuelle<\/strong> et leur impact sur l\u2019identit\u00e9 esth\u00e9tique d\u2019une production.<\/p><p data-start=\"1376\" data-end=\"1806\">Cette exp\u00e9rience a renforc\u00e9 mes comp\u00e9tences en <strong data-start=\"1423\" data-end=\"1465\">vid\u00e9ographie et prise de vue dynamique<\/strong>, tout en m\u2019offrant un aper\u00e7u concret du travail en <strong data-start=\"1517\" data-end=\"1553\">milieu audiovisuel professionnel<\/strong>. Travailler sur les d\u00e9cors de <em data-start=\"1584\" data-end=\"1596\">Tom &amp; Lola<\/em> a \u00e9t\u00e9 une occasion pr\u00e9cieuse de d\u00e9velopper mon expertise en <strong data-start=\"1657\" data-end=\"1699\">captation vid\u00e9o et storytelling visuel<\/strong>, des comp\u00e9tences essentielles pour mes futurs projets dans le domaine du multim\u00e9dia et de l\u2019audiovisuel.<\/p>\t\t\t\t\t\t<\/div>\n\t\t\t\t<\/div>\n\t\t\t\t<\/div>\n\t\t<div class=\"elementor-element elementor-element-d648963 e-con-full e-flex e-con e-child\" data-id=\"d648963\" data-element_type=\"container\">\n\t\t\t\t<div class=\"elementor-element elementor-element-4cf56ce exad-sticky-section-no exad-glass-effect-no elementor-widget elementor-widget-image\" data-id=\"4cf56ce\" data-element_type=\"widget\" data-widget_type=\"image.default\">\n\t\t\t\t<div class=\"elementor-widget-container\">\n\t\t\t\t\t\t\t\t\t\t\t\t\t<img fetchpriority=\"high\" decoding=\"async\" width=\"903\" height=\"598\" src=\"https:\/\/mathis-zominy.fr\/wordpress\/wp-content\/uploads\/2025\/03\/Photo-decort.jpg\" class=\"attachment-full size-full wp-image-601\" alt=\"\" srcset=\"https:\/\/mathis-zominy.fr\/wordpress\/wp-content\/uploads\/2025\/03\/Photo-decort.jpg 903w, https:\/\/mathis-zominy.fr\/wordpress\/wp-content\/uploads\/2025\/03\/Photo-decort-300x199.jpg 300w, https:\/\/mathis-zominy.fr\/wordpress\/wp-content\/uploads\/2025\/03\/Photo-decort-768x509.jpg 768w\" sizes=\"(max-width: 903px) 100vw, 903px\" \/>\t\t\t\t\t\t\t\t\t\t\t\t\t<\/div>\n\t\t\t\t<\/div>\n\t\t\t\t<\/div>\n\t\t\t\t<\/div>\n\t\t\t\t<\/div>\n\t\t\t\t<\/div>\n\t\t","protected":false},"excerpt":{"rendered":"<p>D\u00e9cor Tom&#038;Lola Lors du quatri\u00e8me semestre de ma deuxi\u00e8me ann\u00e9e en BUT M\u00e9tiers du Multim\u00e9dia et de l\u2019Internet (MMI) \u00e0 Toulon, j\u2019ai eu l\u2019opportunit\u00e9 de travailler sur un projet en lien avec la s\u00e9rie Tom &amp; Lola, diffus\u00e9e sur France 2. Cette exp\u00e9rience m\u2019a plong\u00e9 dans l\u2019univers de la production audiovisuelle en me concentrant sur [&hellip;]<\/p>\n","protected":false},"author":1,"featured_media":111,"parent":0,"menu_order":0,"comment_status":"closed","ping_status":"closed","template":"","meta":{"footnotes":""},"class_list":["post-689","page","type-page","status-publish","has-post-thumbnail","hentry"],"_links":{"self":[{"href":"https:\/\/mathis-zominy.fr\/wordpress\/wp-json\/wp\/v2\/pages\/689","targetHints":{"allow":["GET"]}}],"collection":[{"href":"https:\/\/mathis-zominy.fr\/wordpress\/wp-json\/wp\/v2\/pages"}],"about":[{"href":"https:\/\/mathis-zominy.fr\/wordpress\/wp-json\/wp\/v2\/types\/page"}],"author":[{"embeddable":true,"href":"https:\/\/mathis-zominy.fr\/wordpress\/wp-json\/wp\/v2\/users\/1"}],"replies":[{"embeddable":true,"href":"https:\/\/mathis-zominy.fr\/wordpress\/wp-json\/wp\/v2\/comments?post=689"}],"version-history":[{"count":13,"href":"https:\/\/mathis-zominy.fr\/wordpress\/wp-json\/wp\/v2\/pages\/689\/revisions"}],"predecessor-version":[{"id":1207,"href":"https:\/\/mathis-zominy.fr\/wordpress\/wp-json\/wp\/v2\/pages\/689\/revisions\/1207"}],"wp:featuredmedia":[{"embeddable":true,"href":"https:\/\/mathis-zominy.fr\/wordpress\/wp-json\/wp\/v2\/media\/111"}],"wp:attachment":[{"href":"https:\/\/mathis-zominy.fr\/wordpress\/wp-json\/wp\/v2\/media?parent=689"}],"curies":[{"name":"wp","href":"https:\/\/api.w.org\/{rel}","templated":true}]}}